late the remainder when m is divided by -1*(-2 - 0)*3.
2
What is the remainder when (8/12)/(5 - (-4)/(97992/(-122478))) is divided by 13?
9
Let z be 2/(-8) - (-100)/16. Let a = 293 - 293. Suppose a = -3*j - z*j + 18. Calculate the remainder when 5 is divided by j.
1
Let z(c) = 33*c - 154. Calculate the remainder when z(19) is divided by 236.
1
Suppose 2*b + 4*g - 652 = 6*g, 4*b - 1313 = g. What is the remainder when (-1 - 0)/((-7)/b) is divided by 5*(-2)/(-10) - -5?
5
Let a(p) = 150*p**2 + 20*p - 1. Calculate the remainder when a(8) is divided by 6.
3
Let t = -5994 - -10260. Calculate the remainder when t is divided by 185.
11
Suppose 6*a + k + 691 = 7*a, 2*a = -5*k + 1389. Suppose 4*l = -14*u + 15*u + a, 2*l + 5*u = 324. Calculate the remainder when l is divided by 29.
27
Let n(q) = q - 12. Suppose -h = 0, h = -2*z + 4*h + 8. Let j be -4 - (-26 + z + 3). Calculate the remainder when 20 is divided by n(j).
2
Let i(x) = 11*x**2 + 6*x + 8. Suppose 73 = -7*u + 10. Let r(p) = 2*p + 15. Let n be r(u). Calculate the remainder when i(n) is divided by 23.
20
Suppose -11 = -2*z - 21. Let x be (-13)/(-5) + (-2)/z. Suppose 4*c = 2*y + 34, 18 = 2*c + c - x*y. Calculate the remainder when 76 is divided by c.
10
Let n(h) = -h + 7. Let b be n(5). Suppose -4*c = m + 2 - 12, 5*m + 4*c - b = 0. Let y(x) = 10*x**2 - 2*x - 2. What is the remainder when y(m) is divided by 15?
12
Let w(i) = i**3 + 3*i**2 - 3*i + 2. Let a be w(3). Let c = a - -1. What is the remainder when c is divided by 7?
6
Let h(r) = 19*r**2 - 47*r - 84. What is the remainder when h(-2) is divided by 33?
20
Let y(f) = -18*f + 11 - 11*f + 12 + 30*f. Suppose 4*i = 3*r + 20 + 7, 4*r = 12. Calculate the remainder when y(10) is divided by i.
6
Suppose -5722 = -5*j + 3*r, -4*r = j - 1005 - 144. Suppose 0 = -6*f + 559 + j. Calculate the remainder when f is divided by 26.
24
Suppose 0*j + 3840 = 12*j. Calculate the remainder when j is divided by ((-69)/(-6))/((-5)/(-10)).
21
Let m(i) = -i**3 - 12*i**2 + i + 7. Let n be m(-12). Let z be ((-9)/6 + n/(-2))*42. Suppose -7*t + z = -4*t. What is the remainder when 41 is divided by t?
13
Suppose -50342 = -34*z - 44*z + 205732. Calculate the remainder when z is divided by 106.
103
Let k be 2/(262/(-88) - -3). Suppose -7*g + k = -129. Let d = 40 + -29. What is the remainder when g is divided by d?
9
Let z = 16 + -13. Suppose -x + 3*p = -0*p - 26, 3*x - z*p = 72. Calculate the remainder when 264/(-60)*-20 - 2*-1 is divided by x.
21
Suppose -1337 = -133*x - 140. What is the remainder when 145 is divided by x?
1
Suppose -4*o + 424 = -2*l, -2*o + 30*l = 34*l - 222. Let j = -1856 - -1896. What is the remainder when o is divided by j?
27
Suppose -z + 0*f = 3*f + 14, -10 = z - f. Let a = z + 19. Let r(t) = -134*t - 1041. Calculate the remainder when r(-8) is divided by a.
7
Let f be 46/69 + (16/3)/4. Suppose 31*o + 40 = 33*o + 4*s, 3*o + f*s - 60 = 0. Calculate the remainder when o is divided by 7.
6
Let v(t) be the second derivative of t**4/12 + t**3/6 + 3*t**2 - 144*t + 2. What is the remainder when 441 is divided by v(4)?
25
Let s(f) = 30*f + 22. Let l be s(2). Let t = 236 - l. Calculate the remainder when t is divided by 52.
50
Let a = -9 + 24. Let l = 1177 - 1020. What is the remainder when l is divided by a?
7
Suppose w = 4 + 1. Suppose -5*k - 4*c = 8, -3*k - 2*c - 4 = -0. Suppose 80 = 4*r + 4*n, -2*r - 3*n + k*n + 41 = 0. What is the remainder when r is divided by w?
4
Suppose 23*d + 413*d - 156524 = 0. Calculate the remainder when d is divided by 303.
56
Let f(w) = w**3 + 20*w**2 - 12*w - 38. Calculate the remainder when f(-10) is divided by 35.
32
Let q(x) = -3*x**2 + 82*x + 1008. Calculate the remainder when 449 is divided by q(-9).
17
Let s(p) = p**3 - 270*p**2 + 2100*p - 8. Calculate the remainder when -10*-2*(-9)/(-4) is divided by s(8).
21
Suppose -2*s = -s - 1860. Suppose -19*x = -9*x - s. What is the remainder when x is divided by 47?
45
Let g be 3 - 0 - (-508)/4. Let h = 260 - g. Suppose 0 = 2*l - h + 14. Calculate the remainder when l is divided by 31.
27
Let p = 51 + -27. Suppose 69*c - 68*c - 309 = -3*s, -618 = -2*c + 5*s. Calculate the remainder when c is divided by p.
21
What is the remainder when (-16)/(-12)*(3/(-4) + 21645/6) is divided by 13?
12
Suppose -348 + 264 = -4*m. What is the remainder when 2015 is divided by m?
20
Suppose 10*z - 5*z - 25 = -2*b, 0 = -2*z + 2*b + 10. Suppose -z*x + 9*j + 811 = 7*j, -12 = 4*j. What is the remainder when x is divided by 15?
11
Suppose -i = -n + 233 - 86, i - 548 = -4*n. Calculate the remainder when 15426 is divided by n.
136
Calculate the remainder when (1 - (-279)/(-6))*(-1612)/217 is divided by 136.
66
Let c = -5960 - -6290. What is the remainder when c is divided by 26?
18
Let s = 174 - 175. Calculate the remainder when 292 is divided by (-22 - s)/(54/(-126)).
47
Suppose 3*s - j = 2963, -5*s + 4937 = 4*j - 7*j. Calculate the remainder when s is divided by 18.
16
Let m be (1/2 - 2)*(-88)/3. Suppose 24 = -40*z + m*z. Calculate the remainder when (11/(-1))/((-1)/3) is divided by z.
3
Let h(y) be the first derivative of -11*y**2 - 18*y - 155. What is the remainder when h(-3) is divided by 16?
0
Let v = 53 - 49. Let b be (-1)/(-1 + v/8). Suppose -3*t - 162 = -0*o - 5*o, b*o - 2*t = 64. Calculate the remainder when 95 is divided by o.
29
Suppose -1214*m = -1209*m - 5*s - 1620, -4*m = 2*s - 1344. Calculate the remainder when m is divided by 54.
8
Let j = -125 + 158. Let i(s) = 5 - 2 - s - 4. Calculate the remainder when j is divided by i(-6).
3
Let h(l) = -2*l - 1. Let b be h(-1). What is the remainder when 329 is divided by (-3 - (0 - 2)*b)*-33?
32
Let x(u) = 8*u**2 + 237*u + 1430. What is the remainder when x(-6) is divided by 143?
10
Let c = -20324 + 20386. Suppose 4*l = l - j + 23, -3*l + j + 31 = 0. Calculate the remainder when c is divided by l.
8
Let j be (4 - -1)/(-5 + (-55)/(-10)). Let w(i) = i**2 - 9*i - 2. Let b be w(j). Calculate the remainder when 42 is divided by (-1)/4 + 122/b.
12
Let a = -3777 + 3844. What is the remainder when 276 is divided by a?
8
Let a = -183 - -189. Suppose a*m = 18*m - 60. Calculate the remainder when 48 is divided by m.
3
Let m = -100 - -140. Suppose -o = z - 134, -125*o - 5*z = -123*o - 286. Calculate the remainder when o is divided by m.
8
Suppose 5*o - 2*o = -330. Let p = o + 122. Calculate the remainder when 42 is divided by p.
6
Suppose -3*q - 5*v + 153 = 0, 2*q = -0*v - v + 95. What is the remainder when 28 is divided by (10/7)/(q/322)?
8
Suppose 28590*w + 680 = 28607*w. Calculate the remainder when 694 is divided by w.
14
Let z = -1370 - -2220. Suppose 930 = 10*c - z. What is the remainder when c is divided by 36?
34
Suppose u - 58 = c + 62, -5*u = 2*c - 572. Calculate the remainder when u is divided by 4/((-16)/12) + 50 + (5 - 10).
32
Suppose -2*x + 248 = 10*n, -148 = 48*x - 49*x + 3*n. Calculate the remainder when 562 is divided by x.
6
Let m = 23 - -3. Let n be (13 + (1 - 0))*(-52)/(-182). Suppose 3*g - 15 = 3*i - 42, 2*g = -n. Calculate the remainder when m is divided by i.
5
Suppose 46*m - 3731 = 21247. Calculate the remainder when m is divided by 26.
23
Let u(b) = -3*b - 53. Let g(p) = -3*p - 52. Let l(y) = 3*g(y) - 4*u(y). Let t be l(-18). Calculate the remainder when 111 is divided by (-21)/t*72/(-27).
27
Let r be (-536)/(-6) - 0 - 18/54. Let d = 391 + r. Calculate the remainder when d is divided by 69.
66
Let o = 11262 - 11251. Suppose g = 4*x + 46, -x + 0*x - 58 = -g. What is the remainder when g is divided by o?
7
Let a(h) = -4*h**3 + 54*h**2 + 97*h - 95. What is the remainder when 2119 is divided by a(15)?
9
Let w = 1510 + -393. What is the remainder when w is divided by 70?
67
Let c be 0 + -4 - (16 + -12). Let w(u) = u**3 + 8*u**2 - 18*u - 7. What is the remainder when w(c) is divided by 35?
32
Suppose k = 5*y - 13 - 0, -5*k + 13 = y. Calculate the remainder when ((-15)/(-13) - 1) + (-2376)/(-104) is divided by y.
2
Let s be 1*2/(-4) - (-837)/(-186). What is the remainder when ((-9)/5 + -3)/(1/s) is divided by 14?
10
Suppose 21*j - 498 = -5*u + 18*j, -5*u + 5*j = -530. What is the remainder when 189 is divided by (4 - u/6)/((-5)/25)?
59
Let k(p) be the second derivative of p**5/20 + 3*p**4 - 7*p**3/3 - 45*p**2/2 + 156*p. Calculate the remainder 